of 134325310?
2, 5, 7, 1918933
What are the prime factors of 460132391?
131, 499, 7039
List the prime factors of 12917249.
12917249
List the prime factors of 94422642.
2, 3, 15737107
List the prime factors of 16503748.
2, 139, 29683
List the prime factors of 2037012204.
2, 3, 23, 7380479
What are the prime factors of 7726739487?
3, 2575579829
List the prime factors of 3956982419.
13, 109, 1051, 2657
What are the prime factors of 425774674?
2, 13, 937, 17477
List the prime factors of 72550336.
2, 461, 2459
What are the prime factors of 118235386?
2, 877, 67409
List the prime factors of 35173664.
2, 1099177
What are the prime factors of 70534494?
2, 3, 3918583
What are the prime factors of 245258756?
2, 43, 33161
What are the prime factors of 1032291888?
2, 3, 19, 23, 29, 1697
What are the prime factors of 2036297?
31, 65687
What are the prime factors of 72064860?
2, 3, 5, 7, 171583
What are the prime factors of 510409012?
2, 131, 974063
List the prime factors of 5100756929.
19, 7993, 33587
What are the prime factors of 23844442?
2, 11922221
What are the prime factors of 827289736?
2, 7, 13, 67, 2423
What are the prime factors of 2059970746?
2, 29, 35516737
What are the prime factors of 4449320?
2, 5, 41, 2713
What are the prime factors of 53165216?
2, 13, 227, 563
List the prime factors of 1024056879.
3, 1879, 181667
List the prime factors of 71714052.
2, 3, 664019
List the prime factors of 141247594.
2, 17, 31, 7883
List the prime factors of 154339173.
3, 31, 37, 14951
List the prime factors of 85760260.
2, 5, 31, 138323
List the prime factors of 1468901033.
2069, 709957
What are the prime factors of 930353513?
23447, 39679
List the prime factors of 23544986.
2, 3319, 3547
What are the prime factors of 20663724?
2, 3, 197, 8741
What are the prime factors of 111530292?
2, 3, 2143, 4337
List the prime factors of 73012403.
971, 75193
What are the prime factors of 279824734?
2, 7, 719, 27799
List the prime factors of 780495208.
2, 167, 584203
List the prime factors of 507553314.
2, 3, 84592219
What are the prime factors of 11977026?
2, 3, 1996171
List the prime factors of 291010309.
2027, 143567
List the prime factors of 78671506.
2, 39335753
List the prime factors of 3143524004.
2, 2851, 275651
List the prime factors of 482631326.
2, 17, 433, 32783
What are the prime factors of 82751252?
2, 1193, 17341
List the prime factors of 1370946914.
2, 31, 149, 148403
List the prime factors of 47621862.
2, 3, 17, 155627
List the prime factors of 100337040.
2, 3, 5, 23, 73, 83
List the prime factors of 1195756985.
5, 239151397
What are the prime factors of 2426049349?
409, 5931661
List the prime factors of 88494919.
1877, 47147
List the prime factors of 95622429.
3, 7, 193, 23593
List the prime factors of 412498318.
2, 313, 658943
List the prime factors of 864562085.
5, 43, 367, 10957
List the prime factors of 207869491.
207869491
What are the prime factors of 4539086348?
2, 1134771587
List the prime factors of 96614463.
3, 11, 2927711
List the prime factors of 73883287.
73883287
List the prime factors of 6893332.
2, 1723333
List the prime factors of 224878234.
2, 7, 16062731
What are the prime factors of 2623928624?
2, 397, 413087
List the prime factors of 4129229077.
23, 179531699
What are the prime factors of 28709765?
5, 7, 820279
What are the prime factors of 923777375?
5, 7390219
List the prime factors of 107333876.
2, 13, 2064113
List the prime factors of 208067482.
2, 7, 3709, 4007
List the prime factors of 407418033.
3, 11, 83, 148747
What are the prime factors of 584553402?
2, 3, 503, 21521
What are the prime factors of 5356131344?
2, 467, 716827
List the prime factors of 3170879812.
2, 41, 613, 31541
What are the prime factors of 63927977?
29, 233, 9461
List the prime factors of 2460835099.
61, 5281, 7639
List the prime factors of 1689327130.
2, 5, 37, 4565749
List the prime factors of 84035689.
19, 4422931
List the prime factors of 1339144184.
2, 7, 43, 556123
What are the prime factors of 21747211?
73, 297907
List the prime factors of 2655594978.
2, 3, 442599163
List the prime factors of 57597692.
2, 14399423
What are the prime factors of 1638748642?
2, 819374321
List the prime factors of 183820741.
13, 167, 227, 373
What are the prime factors of 2626620117?
3, 11, 4957, 16057
List the prime factors of 652224799.
19, 97, 227, 1559
List the prime factors of 196394789.
196394789
List the prime factors of 12443505.
3, 5, 197, 4211
What are the prime factors of 44819038?
2, 11, 17, 293, 409
What are the prime factors of 711709?
711709
List the prime factors of 5771046854.
2, 79, 36525613
List the prime factors of 6825561.
3, 2275187
List the prime factors of 11520037.
11520037
List the prime factors of 126877342.
2, 241, 461, 571
What are the prime factors of 351416130?
2, 3, 5, 13, 901067
What are the prime factors of 1786661522?
2, 29, 30804509
List the prime factors of 162131252.
2, 1987, 20399
What are the prime factors of 147843802?
2, 311, 237691
List the prime factors of 30043703.
30043703
List the prime factors of 156621933.
3, 13, 89
What are the prime factors of 2455863742?
2, 8009, 153319
What are the prime factors of 78699327?
3, 7, 3747587
What are the prime factors of 63844281?
3, 503, 1567
List the prime factors of 520111143.
3, 29, 1992763
List the prime factors of 2824830292.
2, 1091, 647303
List the prime factors of 138644937.
3, 15404993
What are the prime factors of 1071412103?
1071412103
List the prime factors of 33037714.
2, 16518857
List the prime factors of 5313822591.
3, 7, 11, 1489, 2207
What are the prime factors of 3912623547?
3, 7, 101, 1844707
List the prime factors of 5258632708.
2, 7, 10657, 17623
What are the prime factors of 378549746?
2, 4051, 46723
What are the prime factors of 40017544?
2, 7, 53, 97, 139
What are the prime factors of 103389718?
2, 51694859
What are the prime factors of 178014171?
3, 59338057
What are the prime factors of 1050823563?
3, 23, 41, 371447
What are the prime factors of 88872801?
3, 29624267
List the prime factors of 2193427535.
5, 13, 97, 347887
What are the prime factors of 1783759846?
2, 11, 81079993
List the prime factors of 7103065749.
3, 13, 17, 157, 68239
What are the prime factors of 325857832?
2, 41, 367, 2707
What are the prime factors of 265230453?
3, 88410151
What are the prime factors of 106352028?
2, 3, 149, 2203
List the prime factors of 3929927.
3929927
List the prime factors of 85397759.
257, 332287
What are the prime factors of 1726780508?
2, 17, 367, 69193
List the prime factors of 2141561522.
2, 1070780761
List the prime factors of 246198301.
17, 14482253
What are the prime factors of 8224050191?
7, 167837759
List the prime factors of 45806939.
941, 48679
List the prime factors of 75044995.
5, 113, 317, 419
List the prime factors of 29940415.
5, 5988083
What are the prime factors of 1859315812?
2, 4289, 108377
What are the prime factors of 163190830?
2, 5, 11, 29, 51157
What are the prime factors of 61218881?
61218881
List the prime factors of 1671345051.
3, 19, 47, 623869
What are the prime factors of 655999270?
2, 5, 37, 1772971
List the prime factors of 57050526.
2, 3, 13, 601, 1217
List the prime factors of 69577731.
3, 2576953
List the prime factors of 46978224.
2, 3, 978713
What are the prime factors of 490987993?
67, 109, 67231
What are the prime factors of 243446000?
2, 5, 7, 17389
What are the prime factors of 5335392437?
5335392437
What are the prime factors of 3746621943?
3, 41, 10153447
List the prime factors of 100726.
2, 50363
List the prime factors of 65388561.
3, 7, 727, 4283
What are the prime factors of 5991626?
2, 167, 17939
What are the prime factors of 711816072?
2, 3, 11, 2696273
What are the prime factors of 62282581?
37, 1683313
What are the prime factors of 160420428?
2, 3, 7, 257, 2477
What are the prime factors of 90397243?
233, 387971
List the prime factors of 127112091.
3, 42370697
What are the prime factors of 29834038?
2, 13, 1147463
List the prime factors of 47295036.
2, 3, 193, 2269
List the prime factors of 845640571.
17, 179, 277897
What are the prime factors of 2741735140?
2, 5, 67, 173, 11827
List the prime factors of 95852304.
2, 3, 331, 2011
What are the prime factors of 302205380?
2, 5, 199, 75931
List the prime factors o